) = -221*j + 4395. What is a(20)?
-25
Let u(j) = 3*j**3 - 17*j**2 + 2*j - 8. What is u(5)?
-48
Let l(p) = p**3 + 225*p**2 + 437*p - 2002. Determine l(-223).
5
Let w(q) = 138*q + 1122. Calculate w(-8).
18
Let r(h) = -3*h**2 + 114*h + 270. Determine r(40).
30
Let u(f) = -f**3 + 23*f**2 + 18*f + 146. Give u(24).
2
Let z(q) = 7*q + 11. What is z(1)?
18
Let f(d) = 2*d**2 + 288*d + 3169. What is f(-132)?
1
Let b(m) = 480*m + 802. Determine b(-3).
-638
Let a(h) = h**3 - 9*h**2 - 163*h + 18. Give a(18).
0
Let h(a) = -32*a**2 - 41*a - 7. Calculate h(-6).
-913
Let p(u) = -46*u + 2901. Give p(64).
-43
Let c(i) = i**3 + 9*i**2 + 181*i + 865. What is c(-5)?
60
Let f(t) = -15*t - 91. Give f(-7).
14
Let g(x) = x**2 + 25*x + 60. Determine g(-28).
144
Let a(v) = -3890*v - 27274. Give a(-7).
-44
Let o(h) = -2*h**2 - 443*h - 17037. Give o(-172).
-9
Let y(s) = -32*s - 999. What is y(-32)?
25
Let o(b) = -b - 19. What is o(2)?
-21
Let l(x) = 22*x**2 + 242*x + 2. Determine l(-11).
2
Let r(b) = -b**3 - 13*b**2 + 29*b - 43. Determine r(-15).
-28
Let u(x) = x**3 - 15*x**2 + 7*x - 112. Give u(15).
-7
Let r(t) = -6*t**2 + 3*t + 8. Give r(-3).
-55
Let l(x) = 11*x**2 - 7*x + 19. Determine l(-6).
457
Let x(y) = y**3 + 61*y**2 - 48*y + 773. What is x(-62)?
-95
Let t(v) = v**3 - 14*v**2 - 14*v + 64. What is t(15)?
79
Let d(i) = -18*i**2 - 69*i - 1. Determine d(-4).
-13
Let x(f) = 222*f + 1016. What is x(-5)?
-94
Let d(x) = 14*x**2 - 144*x + 17. Give d(10).
-23
Let b(j) = -j**2 + 34*j + 38. Determine b(34).
38
Let c(m) = m**3 - 21*m**2 + m - 33. Determine c(21).
-12
Let r(d) = 141*d - 1241. Determine r(8).
-113
Let c(x) = -x + 11. What is c(1)?
10
Let p(m) = -358*m - 21472. Determine p(-60).
8
Let m(d) = -8*d**3 + 5*d**2 - 6*d - 15. Determine m(4).
-471
Let z(u) = -35*u - 223. Determine z(-6).
-13
Let n(t) = t**2 - 37*t + 120. Calculate n(35).
50
Let g(j) = -166*j - 4482. Determine g(-27).
0
Let k(p) = p**3 + 9*p**2 + 64*p + 83. Calculate k(-4).
-93
Let k(n) = 29*n - 1633. Calculate k(38).
-531
Let x(f) = -299*f - 1815. Determine x(-6).
-21
Let y(p) = -p**3 - 8*p**2 - 2*p + 32. Give y(-10).
252
Let z(h) = -3*h**2 + 257*h + 2558. Give z(-9).
2
Let p(t) = 4*t**3 - 57*t**2 - t + 216. What is p(14)?
6
Let m(o) = 1166*o + 24491. Give m(-21).
5
Let x(s) = 4*s**2 + 71*s - 12. What is x(-17)?
-63
Let f(a) = -a - 4. Give f(-12).
8
Let h(p) = 2*p**2 + 60*p + 412. Give h(-11).
-6
Let q(u) = -u**2 - 22*u - 64. Give q(-27).
-199
Let l(j) = -j**2 - 10*j + 19. Determine l(-14).
-37
Let f(c) = 76*c**2 - 989*c + 2. Calculate f(13).
-11
Let s(k) = -34*k + 7. Give s(1).
-27
Let f(r) = 21*r - 50. Determine f(-3).
-113
Let i(u) = u**3 - 7*u**2 + 2*u - 7. What is i(7)?
7
Let g(v) = 1371*v - 91838. Calculate g(67).
19
Let c(f) = f**2 + 14*f + 94. Give c(-9).
49
Let o(l) = 30*l**2 - 1467*l - 143. Determine o(49).
4
Let j(m) = 182*m - 954. Give j(5).
-44
Let b(w) = 965*w + 30877. Give b(-32).
-3
Let o(y) = 11*y + 58. Determine o(-14).
-96
Let v(w) = -w**2 + 5*w + 50. Calculate v(11).
-16
Let w(j) = -16*j**2 + 32*j - 6. What is w(2)?
-6
Let g(a) = -a**3 - 16*a**2 + 22*a + 108. Give g(-17).
23
Let u(n) = n**2 - 33*n + 179. Calculate u(7).
-3
Let l(w) = -23*w + 13. Give l(0).
13
Let l(j) = -j**3 + 4*j**2 + 29*j - 86. Give l(8).
-110
Let c(h) = -h**3 + 4*h**2 + 151*h - 848. Give c(6).
-14
Let q(n) = -69*n - 9796. What is q(-142)?
2
Let g(v) = -v**3 - 33*v**2 - 27*v - 124. Determine g(-32).
-284
Let f(g) = 18*g**2 - 81*g - 543. What is f(-7)?
906
Let h(r) = 1197*r - 19157. Calculate h(16).
-5
Let k(b) = 2044*b + 32700. Calculate k(-16).
-4
Let j(o) = o**3 + 25*o**2 + 95*o + 409. Determine j(-22).
-229
Let g(p) = 2*p**3 + 22*p**2 + 2*p - 7. Give g(0).
-7
Let g(h) = 2*h**2 - 96*h + 517. Determine g(42).
13
Let m(d) = -2*d**2 - 206*d - 1158. Determine m(-97).
6
Let z(l) = -l**3 + 27*l**2 - 3*l + 14. Calculate z(27).
-67
Let a(r) = 11*r**2 - 572*r + 3. What is a(52)?
3
Let n(c) = 6259*c + 50078. Determine n(-8).
6
Let o(w) = -w**3 - 102*w**2 - 100*w + 103. Determine o(-101).
2
Let g(i) = 12*i**2 + 14*i - 128. What is g(6)?
388
Let m(h) = 2*h**3 + 34*h**2 - h + 35. Give m(-17).
52
Let c(r) = r**3 - 3*r**2 - 2*r + 22. Give c(5).
62
Let a(i) = 14*i**2 - 191*i - 12. Calculate a(14).
58
Let n(p) = 42*p + 229. Give n(-5).
19
Let b(k) = k**2 - 77*k - 396. Give b(80).
-156
Let i(l) = -11*l**2 + 84*l + 23. Give i(8).
-9
Let b(h) = 126*h + 3919. Determine b(-32).
-113
Let b(l) = 5*l**3 - 24*l**2 - 2*l. What is b(4)?
-72
Let m(t) = t**2 + 11*t + 27. What is m(-22)?
269
Let r(k) = -k**2 + 2681*k - 14. Calculate r(0).
-14
Let y(z) = 4*z**2 - 652*z - 3373. Calculate y(168).
-13
Let p(w) = 9*w + 71. Determine p(8).
143
Let b(u) = -42*u**2 - 4*u - 7. What is b(-2)?
-167
Let i(v) = 2*v**3 + 41*v**2 - v - 142. Calculate i(-21).
-562
Let c(m) = -226*m - 79. Determine c(0).
-79
Let y(t) = 77*t + 299. What is y(-3)?
68
Let q(f) = -18*f**3 - 322*f**2 + 50*f + 263. Give q(-18).
11
Let k(j) = -190*j + 10247. Calculate k(54).
-13
Let k(g) = 2*g**3 + 5*g**2 - 8*g - 12. Give k(-2).
8
Let f(n) = -210*n - 3145. Give f(-15).
5
Let d(h) = -h**3 + 61*h**2 + 545*h - 11. Give d(-8).
45
Let n(u) = -8*u**2 + 895*u + 122. Give n(112).
10
Let f(r) = 28*r - 730. Give f(16).
-282
Let y(h) = -h + 34. Give y(-8).
42
Let f(v) = v**3 - 19*v**2 - 24*v + 117. Calculate f(20).
37
Let g(t) = 6*t**2 + 260*t + 117. What is g(-43)?
31
Let o(f) = f**2 + 398*f - 11927. What is o(-426)?
1
Let u(r) = -229*r + 1867. Calculate u(8).
35
Let z(n) = -75*n - 418. Give z(-2).
-268
Let b(y) = -28*y + 180. Determine b(10).
-100
Let y(g) = -g**2 - 300*g + 2506. Determine y(8).
42
Let p(g) = g**2 - 32*g + 133. Calculate p(27).
-2
Let l(g) = -8570*g + 25707. Determine l(3).
-3
Let g(i) = 12*i**3 - 3*i**2 - 20*i - 16. What is g(-1)?
-11
Let t(w) = -5*w**2 - 765*w + 4762. What is t(6)?
-8
Let y(k) = 2*k**2 + 17*k - 452. Determine y(-20).
8
Let u(f) = 30*f**2 - 169*f - 697. What is u(-4)?
459
Let t(y) = 2311*y + 1. Give t(0).
1
Let y(j) = -518*j + 157478. Calculate y(304).
6
Let t(z) = z**3 - 13*z**2 - 66*z + 747. Calculate t(14).
19
Let z(d) = 1269*d + 35524. Calculate z(-28).
-8
Let o(u) = -3*u**2 + 35*u - 70. Determine o(6).
32
Let y(q) = -q**3 - 6*q**2 - 15*q - 9. Give y(-2).
5
Let p(r) = -6*r - 78. Give p(-10).
-18
Let m(i) = -5*i**3 - 46*i**2 - 22*i + 16. What is m(-9)?
133
Let j(s) = -88*s**2 - 96*s + 17. Give j(-2).
-143
Let y(u) = 415*u - 1663. What is y(4)?
-3
Let o(c) = -c**2 + 283*c - 1387. Determine o(5).
3
Let q(u) = -2*u**3 + 47*u**2 + 72*u + 119. What is q(25)?
44
Let w(c) = -c**3 + 12*c**2 + 92*c - 895. What is w(8)?
97
Let x(q) = 643*q - 7756. What is x(12)?
-40
Let z(a) = -a**2 - 26*a - 171. Give z(-10).
-11
Let a(b) = b**3 + 12*b**2 - 90*b - 996. Determine a(-13).
5
Let j(w) = -18*w + 268. What is j(27)?
-218
Let m(b) = 7*b - 9. What is m(4)?
19
Let l(g) = -g**2 - 33*g + 278. Calculate l(7).
-2
Let h(q) = -2*q**3 - 12*q**2 + 10*q + 12. What is h(-7)?
40
Let o(p) = -p**3 - 7*p**2 + 31*p + 242. What is o(-8)?
58
Let k(u) = -u**3 - 155*u**2 - 2223*u + 143. Calculate k(-139).
4
Let n(s) = -s**3 - 9*s**2 + 41*s - 12. What is n(-10)?
-322
Let z(n) = -17*n + 151. Give z(13).
-70
Let o(c) = -c - 18. Give o(23).
-41
Let k(s) = 35*s + 1474. Determine k(-47).
-171
Let y(q) = -q**2 - 53*q + 1561. Determine y(-74).
7
Let a(t) = 42*t**2 - 64*t + 64. Give a(1).
42
Let l(u) = -u**2 + 1505*u - 85324. Calculate l(59).
-10
Let k(t) = -t**2 - 12*t + 325. Calculate k(-25).
0
Let c(x) = -x**3 - 24*x**2 - 10*x + 101. Calculate c(-22).
-647
Let o(z) = 54*z + 310. Determine o(-7).
-68
Let u(g) = g**2 + 84*g + 435. Calculate u(-79).
40
Let u(k) = 3*k**2 - 57*k + 23. What is u(23)?
299
Let r(c) = -19*c - 109. What is r(-6)?
5
Let o(j) = -j**3 - 24*j**2 + 16*j + 423. What is o(-24)?
39
Let r(v) = -4*v**2 + 72*v - 332. What is r(5)?
-72
Let d(k) = k**3 - 54*k**2 + 109*k - 238. Give d(52).
22
Let c(f) = f**2 + 39*f - 504. Calculate c(-49).
-14
Let d(o) = -1620*o + 4850. What is d(3)?
-10
Let p(v) = -v**3 + 2*v**2 + 59*v - 2. What is p(9)?
-38
Let d(t) = 3*t**2 + 26*t - 29. What is d(-9)?
-20
Let t(o) = 136*o - 676. Determine t(5).
4
Let r(b) = b**3 - 5*b**2 - 24*b + 45. Determine r(8).
45
Let t(c) = -c + 34. Calculate t(-27).
61
Let w(i) = -2*i**3 + 7*i**2 + 6*i - 12. Calculate w(1).